0 a multiple of 28?
False
Does 66 divide 145597?
False
Does 32 divide 206360?
False
Is 39 a factor of 80379?
True
Is 751 a factor of 8086714?
False
Is 516273 a multiple of 508?
False
Does 160 divide 3044960?
True
Is 311 a factor of 67660?
False
Is 210558 a multiple of 114?
True
Is 326204 a multiple of 10?
False
Is 360465 a multiple of 7?
True
Does 901 divide 6291683?
True
Is 102 a factor of 987564?
True
Does 52 divide 767416?
True
Is 255011 a multiple of 9?
False
Is 43112 a multiple of 9?
False
Does 9 divide 99176?
False
Does 55 divide 265485?
True
Is 13 a factor of 7878?
True
Is 1230937 a multiple of 109?
True
Is 231 a factor of 301724?
False
Is 87 a factor of 93211?
False
Is 9 a factor of 480492?
True
Is 22 a factor of 24178?
True
Does 4 divide 33852?
True
Does 55 divide 17916827?
False
Does 555 divide 328560?
True
Is 108 a factor of 20728008?
True
Is 589 a factor of 425258?
True
Is 597324 a multiple of 6?
True
Does 165 divide 292545?
True
Is 48 a factor of 108240?
True
Is 460 a factor of 43700?
True
Is 132760 a multiple of 606?
False
Does 21 divide 36941037?
True
Is 29163 a multiple of 30?
False
Is 26767 a multiple of 13?
True
Is 3880865 a multiple of 5?
True
Is 13469092 a multiple of 28?
True
Does 64 divide 5580169?
False
Is 20752648 a multiple of 56?
True
Is 9089741 a multiple of 374?
False
Is 6 a factor of 144281?
False
Does 20 divide 1389320?
True
Is 38233 a multiple of 17?
True
Is 62 a factor of 175597?
False
Is 82362 a multiple of 92?
False
Is 204398 a multiple of 2?
True
Does 106 divide 2006219?
False
Is 993164 a multiple of 375?
False
Is 4 a factor of 165530?
False
Is 16 a factor of 416228?
False
Is 151028 a multiple of 68?
True
Is 8388787 a multiple of 55?
False
Is 113050 a multiple of 175?
True
Is 19 a factor of 5818560?
True
Does 160 divide 3331040?
True
Is 4 a factor of 640408?
True
Is 11460 a multiple of 5?
True
Is 69 a factor of 11834880?
True
Does 2 divide 974624?
True
Is 5182450 a multiple of 26?
True
Is 147 a factor of 2605869?
True
Is 337 a factor of 17151952?
True
Is 258318 a multiple of 1017?
True
Is 577 a factor of 3052330?
True
Does 4 divide 32984?
True
Is 37 a factor of 974432?
True
Is 1808 a factor of 11285536?
True
Is 303500 a multiple of 276?
False
Does 22 divide 5101360?
True
Is 7299420 a multiple of 380?
True
Does 97 divide 4568797?
True
Does 3 divide 13598?
False
Is 3 a factor of 66061?
False
Is 33275 a multiple of 5?
True
Is 78624 a multiple of 78?
True
Does 112 divide 589120?
True
Is 7553817 a multiple of 842?
False
Is 186 a factor of 1077684?
True
Does 22 divide 373108?
False
Does 370 divide 11245780?
True
Is 9 a factor of 285085?
False
Does 16 divide 1346043?
False
Is 31 a factor of 477352?
False
Is 258778 a multiple of 269?
True
Does 15 divide 230475?
True
Is 804934 a multiple of 380?
False
Is 5 a factor of 99335?
True
Is 63408 a multiple of 11?
False
Is 2872205 a multiple of 35?
True
Does 674 divide 774426?
True
Is 8 a factor of 157721?
False
Does 50 divide 215850?
True
Is 2384380 a multiple of 580?
True
Does 30 divide 685440?
True
Is 12 a factor of 3110448?
True
Is 18 a factor of 2512667?
False
Is 23 a factor of 41952?
True
Is 92232 a multiple of 88?
False
Does 22 divide 1709114?
True
Is 103 a factor of 1059421?
False
Does 1821 divide 1441887?
False
Is 123354 a multiple of 198?
True
Is 51 a factor of 751471?
False
Does 33 divide 6546085?
False
Is 456750 a multiple of 875?
True
Is 204288 a multiple of 16?
True
Does 30 divide 31020?
True
Is 429639 a multiple of 123?
True
Does 64 divide 491591?
False
Is 15 a factor of 327287?
False
Does 17 divide 8585?
True
Is 66 a factor of 96488?
False
Does 31 divide 172525?
False
Is 889 a factor of 10309733?
True
Is 912750 a multiple of 130?
False
Does 55 divide 148665?
True
Is 596 a factor of 479780?
True
Is 8 a factor of 188744?
True
Is 29 a factor of 506630?
True
Is 57 a factor of 4350411?
True
Does 48 divide 1913424?
True
Is 103712 a multiple of 18?
False
Is 227302 a multiple of 54?
False
Is 263234 a multiple of 10?
False
Is 141 a factor of 1187079?
True
Is 7 a factor of 4215505?
True
Does 84 divide 1691856?
False
Is 4131531 a multiple of 19?
True
Is 52 a factor of 1118785?
False
Is 682046 a multiple of 175?
False
Does 42 divide 12230?
False
Is 103 a factor of 390812?
False
Is 7 a factor of 424151?
True
Does 14 divide 1116248?
True
Does 106 divide 7909402?
True
Does 28 divide 442708?
True
Is 29 a factor of 9251?
True
Is 17 a factor of 198132?
False
Is 18 a factor of 765918?
True
Is 693000 a multiple of 420?
True
Is 27 a factor of 2401584?
False
Is 8112762 a multiple of 469?
True
Does 26 divide 56160?
True
Is 426814 a multiple of 25?
False
Is 7 a factor of 8052716?
True
Is 8 a factor of 191016?
True
Is 7 a factor of 732813?
False
Is 137 a factor of 946533?
True
Is 510 a factor of 575790?
True
Is 58 a factor of 143830?
False
Is 389733 a multiple of 489?
True
Is 312673 a multiple of 11?
False
Does 56 divide 1837888?
False
Does 22 divide 1139666?
True
Does 88 divide 280016?
True
Is 87802 a multiple of 17?
False
Is 162074 a multiple of 4?
False
Does 890 divide 18683047?
False
Is 669 a factor of 7986539?
False
Is 129265 a multiple of 5?
True
Does 3 divide 475442?
False
Is 55 a factor of 3384975?
True
Is 14 a factor of 6335634?
False
Does 46 divide 633598?
False
Does 174 divide 16600470?
True
Does 463 divide 7575606?
True
Is 342 a factor of 1921356?
True
Is 1111 a factor of 1647873?
False
Is 240 a multiple of 12?
True
Is 1713226 a multiple of 697?
True
Is 12 a factor of 417798?
False
Is 877577 a multiple of 3?
False
Does 31 divide 4091442?
True
Is 1425270 a multiple of 21?
True
Does 20 divide 1278611?
False
Is 6 a factor of 808302?
True
Is 8176129 a multiple of 23?
False
Does 18 divide 18234?
True
Is 19 a factor of 28765?
False
Is 111782 a multiple of 19?
False
Is 67826 a multiple of 183?
False
Is 114960 a multiple of 55?
False
Does 45 divide 811620?
True
Does 423 divide 1625653?
False
Is 318 a factor of 753387?
False
Does 311 divide 596657?
False
Is 1289912 a multiple of 104?
True
Is 18727605 a multiple of 117?
True
Is 13 a factor of 40378?
True
Is 8498 a multiple of 2?
True
Is 298 a factor of 465272?
False
Is 281 a factor of 275382?
False
Is 13 a factor of 2717?
True
Does 11 divide 1060202?
True
Does 122 divide 19119108?
True
Does 250 divide 82500?
True
Does 83 divide 71380?
True
Is 47107 a multiple of 2?
False
Does 52 divide 19915?
False
Does 62 divide 791121?
False
Does 71 divide 2271219?
True
Is 27 a factor of 59130?
True
Is 408 a factor of 432332?
False
Does 12 divide 54456?
True
Is 45 a factor of 4594365?
True
Is 13 a factor of 6333912?
True
Is 5193510 a multiple of 105?
True
Is 15 a factor of 1434420?
True
Does 30 divide 13350?
True
Does 27 divide 3359799?
True
Does 17 divide 3714?
False
Does 266 divide 585351?
False
Does 170 divide 238680?
True
Does 32 divide 208885?
False
Is 5628312 a multiple of 12?
True
Is 70467 a multiple of 83?
True
Is 11 a factor of 158466?
True
Does 1755 divide 1453140?
True
Does 460 divide 149849?
False
Does 16 divide 17459929?
False
Does 74 divide 3170678?
True
Does 643 divide 907916?
True
Does 32 divide 1488640?
True
Is 61 a factor of 4680591?
True
Is 110 a factor of 90200?
True
Is 179470 a multiple of 348?
False
Does 112 divide 9229024?
True
Is 154317 a multiple of 3?
True
Is 3971539 a multiple of 4?
False
Does 38 divide 47386?
True
Is 220 a factor of 1487545?
False
Does 11 divide 22880?
True
Is 71214 a multiple of 5?
False
Does 215 divide 53193?
False
Does 34 divide 3623460?
False
Does 12 divide 283980?
True
Is 15 a factor of 1617120?
True
Is 116180 a multiple of 90?
False
Does 145 divide 1398090?
True
Is 4 a factor of 676670?
False
Does 437 divide 152504?
False
Does 19 divide 3104379?
False
Does 31 divide 392708?
True
Is 225 a factor of 626998?
False
Does 578 divide 1023197?
False
Is 33 a factor of 79248?
False
Is 4917976 a multiple of 3?
False
Is 780 a factor of 18883673?
False
Is 632722 a multiple of 536?
False
Is 528 a factor of 369412?
False
Does 711 divide 5177502?
True
Is 16 a factor of 21945?
False
Does 7 divide 123384?
False
Is 23792 a multiple of 8?
True
Is 12789 a multiple of 49?
True
Is 523 a factor of 1490027?
True
Does 189 divide 2627?
False
Is 110 a factor of 3204487?
False
Is 5 a factor of 69278?
False
Is 31 a factor